hat is 15411d - 3?
15411a
In base 3, what is 102202110 - -11210?
102221020
In base 10, what is 96766 + 3?
96769
In base 14, what is -aa4b + 3?
-aa48
In base 15, what is -12 + -9c0?
-9d2
In base 15, what is -349e + -6?
-34a5
In base 6, what is 204 - -50104?
50312
In base 4, what is -3 + -20111031?
-20111100
In base 11, what is 137 + -957?
-820
In base 6, what is 2415 + -3055?
-240
In base 13, what is 2 - -999b?
99a0
In base 6, what is -104 - 2031035?
-2031143
In base 7, what is -1520 - -1523?
3
In base 8, what is 13 - -3664?
3677
In base 13, what is -5 + -364c?
-3654
In base 6, what is 3 - 1140?
-1133
In base 2, what is -10011 - -1100000110100?
1100000100001
In base 10, what is 1305 - 2172?
-867
In base 10, what is 5 + 85469?
85474
In base 9, what is 48833 - 6?
48826
In base 11, what is -102a94 - 3?
-102a97
In base 10, what is -44 + 2224?
2180
In base 12, what is -5157 - -6?
-5151
In base 4, what is 1100223 + -3?
1100220
In base 10, what is -3091 + 578?
-2513
In base 16, what is 10 + 1e04?
1e14
In base 12, what is 18839 - 0?
18839
In base 5, what is 10124 - -443?
11122
In base 11, what is 3 + -a2438?
-a2435
In base 16, what is b4e - -9?
b57
In base 2, what is 1101010000 - -1100111010000?
1110100100000
In base 14, what is 53 + 31?
84
In base 2, what is -110001011101 - 1001?
-110001100110
In base 9, what is -20467 + -44?
-20522
In base 15, what is -5 + -1cbda6?
-1cbdab
In base 13, what is -12b01 - 5?
-12b06
In base 16, what is -d50 + a?
-d46
In base 12, what is 415 + 88?
4a1
In base 4, what is 1211 - 110?
1101
In base 7, what is 152 + 1650?
2132
In base 12, what is 162 + 11411?
11573
In base 4, what is 1 + 303002323?
303002330
In base 2, what is 1100100110110001110 - -100?
1100100110110010010
In base 3, what is -2221202222012 + 2?
-2221202222010
In base 13, what is 2 - 9b987?
-9b985
In base 8, what is -261 + -6075?
-6356
In base 9, what is 384 + 5554?
6048
In base 13, what is 118332 + 3?
118335
In base 4, what is 20302 - -132?
21100
In base 3, what is 100 - 12120001021?
-12120000221
In base 16, what is f6c - -52?
fbe
In base 9, what is -4 - 1065837?
-1065842
In base 3, what is 11001 + -100202110?
-100121102
In base 4, what is -2120302 + 10?
-2120232
In base 12, what is -6b + -358?
-407
In base 12, what is 38660 - -2?
38662
In base 6, what is 2130410 + -1?
2130405
In base 2, what is -111 + -110000000001100?
-110000000010011
In base 12, what is -1303 - 4?
-1307
In base 3, what is 10 + 2220221012?
2220221022
In base 6, what is 2504 - 3441?
-533
In base 8, what is -321 + -46610?
-47131
In base 8, what is 53 + 271346?
271421
In base 14, what is 9bd2 - 7?
9bc9
In base 11, what is -241a0 + 0?
-241a0
In base 8, what is -153772 - -4?
-153766
In base 8, what is 2 + -3261534?
-3261532
In base 3, what is 111212001102 + -10?
111212001022
In base 4, what is 201111 + 21313?
223030
In base 4, what is -11 + 1333210203?
1333210132
In base 9, what is -15401 + 1?
-15400
In base 13, what is 38 + -397?
-35c
In base 11, what is -8 - 36a4?
-3701
In base 2, what is -1101010010 + 111?
-1101001011
In base 4, what is -2013 - -11021?
3002
In base 9, what is -44 - -2047?
2003
In base 8, what is 44 - -64671?
64735
In base 3, what is -212110 - -102201?
-102202
In base 7, what is 325 - -6302?
6630
In base 8, what is 742323 + -5?
742316
In base 16, what is 3039 + 4?
303d
In base 5, what is 1 - 300211122?
-300211121
In base 11, what is -5 - a300a9?
-a30103
In base 5, what is 10 + -324002?
-323442
In base 13, what is -10 - -6905?
68c5
In base 10, what is 12536 - -30?
12566
In base 6, what is -1 - -11203?
11202
In base 2, what is -10 - -10110101010111100011?
10110101010111100001
In base 2, what is 10100100010101100 - 11?
10100100010101001
In base 4, what is 12 + 33?
111
In base 9, what is -683434 - 4?
-683438
In base 7, what is -45555 - -2?
-45553
In base 6, what is -2104 - 1143?
-3251
In base 12, what is 228 + 890?
ab8
In base 13, what is -3 - 2cb04?
-2cb07
In base 6, what is -303245 + -2?
-303251
In base 6, what is -345 + 1401?
1012
In base 6, what is 311 - -55?
410
In base 11, what is -2170 - -141?
-202a
In base 4, what is 23122330 - -232?
23123222
In base 8, what is -144 - -25?
-117
In base 10, what is 486 - 107?
379
In base 6, what is -14141340 - 5?
-14141345
In base 2, what is -1011000110 - 100010101010?
-101101110000
In base 9, what is -14 - -11060?
11045
In base 3, what is 10 + -1100?
-1020
In base 5, what is -1 - -2044014?
2044013
In base 8, what is 113 - -75?
210
In base 13, what is -2 - -2009?
2007
In base 11, what is -1853 - 4?
-1857
In base 4, what is -30203 + -1010?
-31213
In base 4, what is 13200 + 230?
20030
In base 5, what is 1433302 + -33?
1433214
In base 12, what is -86743 - 4?
-86747
In base 6, what is 1344 - -2313?
4101
In base 7, what is 516 - 61432?
-60613
In base 9, what is -2455 + 1464?
-881
In base 10, what is 1 - 1454?
-1453
In base 4, what is -2312 - 1230131?
-1233103
In base 7, what is 5 + -2202535?
-2202530
In base 12, what is 6776a + -5?
67765
In base 8, what is -32 - -16751?
16717
In base 14, what is -42ab + 7?
-42a4
In base 12, what is 551a2 - 1?
551a1
In base 6, what is 3 - 433022?
-433015
In base 4, what is 312 - -22102?
23020
In base 13, what is -41a6 - -29c?
-3c07
In base 10, what is -374349 - -6?
-374343
In base 15, what is -46dae + 4?
-46daa
In base 4, what is -131 - 11221301?
-11222032
In base 5, what is -433 - 4302?
-10240
In base 12, what is -206 + a87?
881
In base 9, what is -28003 - 3?
-28006
In base 6, what is -3 - 2003252?
-2003255
In base 13, what is 68 + 1636?
16a1
In base 14, what is -10b + 3?
-108
In base 9, what is -38373 + 14?
-38358
In base 6, what is 553 - 30024?
-25031
In base 11, what is 1 + -707a?
-7079
In base 2, what is -100 - 101010101101010?
-101010101101110
In base 11, what is -316 - -377?
61
In base 6, what is 120 + 2224?
2344
In base 9, what is 1728 + 2736?
4565
In base 8, what is -243 - 1534?
-1777
In base 14, what is -2ada7 + 5?
-2ada2
In base 14, what is -2 + -4556?
-4558
In base 10, what is -5 + -42683?
-42688
In base 11, what is 5299 - 28?
5271
In base 13, what is -17647 + 4?
-17643
In base 11, what is 955 - -105?
a5a
In base 5, what is -3 + 12233232?
12233224
In base 6, what is 341333 + -22?
341311
In base 12, what is -1b77 - -3?
-1b74
In base 3, what is 1000 - -10011220?
10012220
In base 15, what is 7e3e + 13?
7e52
In base 11, what is -3 + -227?
-22a
In base 3, what is 100221222 - 1000?
100220222
In base 13, what is 10a4 + -ab?
cc6
In base 10, what is -54106 + -1?
-54107
In base 7, what is -5 - 113045?
-113053
In base 7, what is 0 + -2050302?
-2050302
In base 13, what is 7278 - -4?
727c
In base 13, what is -9467 + 0?
-9467
In base 4, what is 32223 - -232?
33121
In base 4, what is -33 + -111200?
-111233
In base 4, what is -320110 + 1121?
-312323
In base 3, what is -2202211210 - -2020?
-2202202120
In base 4, what is -13220213 + 10?
-13220203
In base 4, what is -1033 + 11312023?
11310330
In base 10, what is -5966 - 11?
-5977
In base 7, what is -105243 + -2?
-105245
In base 16, what is -8c - -6dc?
650
In base 7, what is 214 + -504?
-260
In base 7, what is -156420 - 23?
-156443
In base 12, what is -26763 + -5?
-26768
In base 4, what is -1013 + -11310?
-12323
In base 10, what is 3 + -40203?
-40200
In base 6, what is 340 - -11203?
11543
In base 7, what is -12405 + 1263?
-11112
In base 10, what is 22238 + 122?
22360
In base 11, what is 189416 - 2?
189414
In base 12, what is 36878 - 2?
36876
In base 12, what is -4b0b - -1?
-4b0a
In base 4, what is 123131113 - -12?
123131131
In base 14, what is 2d685 - -25?
2d6aa
In base 5, what is -4 + 232321224?
232321220
In base 4, what is 0 + -10311300?
-10311300
In base 5, what is -101101004 + -2?
-101101011
In base 16, what is -47c + -2c?
-4a8
In base 3, what is 212021112 + -10?
212021102
In base 10, what is 6199 + -50?
6149
In base 15, what is 3 + -346?
-343
In base 7, what is 124 - 101?
23
In base 13, what is 5c7b + 15?
5c93
In base 8, what is 155115 - 1?
155114
In base 16, what is 829 - -a09?
1232
In base 14, what is 29b6 - 3?
29b3
In base 15, what is -1c - a77?
-a94
In base 12, what is 66 - -1841?
18a7
In base 12, what is -1 - 220a8?
-220a9
In base 6, what is -150242444 - 5?
-150242453
In base 7, what is -25525 - 153?
-26011
In base 12, what is 3 - 5029a9?
-5029a6
In base 4,